{"id":5013,"date":"2025-12-04T16:40:25","date_gmt":"2025-12-04T16:40:25","guid":{"rendered":"https:\/\/www.savonlinnantaitoluistelijat.fi\/?page_id=5013"},"modified":"2026-01-17T07:43:48","modified_gmt":"2026-01-17T07:43:48","slug":"seniorit-juniorit-noviisit-b-debytantit-ja-a-silmut-2-lohkokilpailu-lohko-3","status":"publish","type":"page","link":"https:\/\/www.savonlinnantaitoluistelijat.fi\/?page_id=5013","title":{"rendered":"Seniorit, Juniorit, Noviisit, B-Debytantit, A-Silmut sek\u00e4 Silmut, pojat ja Juniorit, miehet 2. lohkokilpailu (lohko 3)"},"content":{"rendered":"\n<figure class=\"wp-block-image size-full\"><img loading=\"lazy\" decoding=\"async\" width=\"940\" height=\"788\" src=\"http:\/\/www.savonlinnantaitoluistelijat.fi\/wp-content\/uploads\/2025\/12\/2.-LOHKOKILPAILU-Fb-postaus.png\" alt=\"\" class=\"wp-image-5048\" srcset=\"https:\/\/www.savonlinnantaitoluistelijat.fi\/wp-content\/uploads\/2025\/12\/2.-LOHKOKILPAILU-Fb-postaus.png 940w, https:\/\/www.savonlinnantaitoluistelijat.fi\/wp-content\/uploads\/2025\/12\/2.-LOHKOKILPAILU-Fb-postaus-300x251.png 300w, https:\/\/www.savonlinnantaitoluistelijat.fi\/wp-content\/uploads\/2025\/12\/2.-LOHKOKILPAILU-Fb-postaus-768x644.png 768w\" sizes=\"auto, (max-width: 940px) 100vw, 940px\" \/><\/figure>\n\n\n\n<p>Savonlinnan Taitoluistelijat j\u00e4rjest\u00e4\u00e4 seniorien, juniorien, noviisien, B-debytanttien, A-silmujen\/Silmujen 2. lohkokilpailun (L3) 17.-18.01.2026. <\/p>\n\n\n\n<p>Kilpailuareenana toimii Talvisalon j\u00e4\u00e4halli \/ Mediatili Areena, Savontie 3 57100 Savonlinna.<\/p>\n\n\n\n<h4 class=\"wp-block-heading\"><strong>T\u00e4rkeit\u00e4 p\u00e4iv\u00e4m\u00e4\u00e4ri\u00e4<\/strong><\/h4>\n\n\n\n<p><strong>12.12.2025 Ilmoittautuminen alkaa klo 09:00<\/strong><\/p>\n\n\n\n<p><strong>26.12.2025 Ilmoittautuminen sulkeutuu klo 20.00<\/strong><\/p>\n\n\n\n<p><strong>31.12.2025 J\u00e4lki-ilmoittautuminen sulkeutuu klo 20:00<\/strong> (kaksinkertainen ilmoittautumismaksu)<\/p>\n\n\n\n<p><strong>09.01.2026. Musiikkitiedostot ja elementtitiedot Taikkariin viimeist\u00e4\u00e4n klo 20:00<\/strong><\/p>\n\n\n\n<p>Mahdolliset poisj\u00e4\u00e4nnit on ilmoitettava ennen arvontaa viimeist\u00e4\u00e4n 14.01.2026 klo 12.00 menness\u00e4 j\u00e4rjest\u00e4j\u00e4lle (kilpailunjohtaja.satu@gmail.com) ja teht\u00e4v\u00e4 Taikkariin.<\/p>\n\n\n\n<p><strong>14.01.2026 Arvonta klo 18:00<\/strong><\/p>\n\n\n\n<p>Arvonnan j\u00e4lkeen tulevat poisj\u00e4\u00e4nnit on ilmoitettava viimeist\u00e4\u00e4n pe 16.01.2026 klo 12.00<br>menness\u00e4 j\u00e4rjest\u00e4v\u00e4lle seuralle (kilpailunjohtaja.satu@gmail.com).<\/p>\n\n\n\n<p><strong>16.01.2026 Ryhm\u00e4jakojen vahvistus klo 14:00 menness\u00e4 <\/strong>(kilpailun tulossivulla), jonka j\u00e4lkeen ryhm\u00e4jakoja ei saa en\u00e4\u00e4 muuttaa<\/p>\n\n\n\n<p><strong>Kilpailup\u00e4iv\u00e4n\u00e4 peruutukset tekstiviestill\u00e4 tai whatsappilla numeroon 044 298 6201\/Katriina Jekunen.<\/strong><\/p>\n\n\n\n<h4 class=\"wp-block-heading\"><strong>HUOM! AIKATAULU TIIVISTYNYT &#8211; TARKISTATHAN P\u00c4IVITTYNEEN AIKATAULUN <\/strong>TULOSSIVUSTOLTA<\/h4>\n\n\n\n<p><\/p>\n\n\n\n<p><strong>Lauantai 17.01.2026<\/strong><\/p>\n\n\n\n<figure class=\"wp-block-table\"><table class=\"has-fixed-layout\"><tbody><tr><td>klo 11.00\u201313.17<br>klo 13.20-13.30<\/td><td>A-silmut, tyt\u00f6t <br>Silmut, pojat<\/td><\/tr><tr><td>klo 13.45\u201314.20<\/td><td>B-debytantit, tyt\u00f6t<\/td><\/tr><tr><td>klo 15.15\u201318.02<\/td><td>Juniorit, naiset LO <\/td><\/tr><tr><td>klo 18.30\u201319.26<\/td><td>Seniorit, naiset LO<\/td><\/tr><\/tbody><\/table><\/figure>\n\n\n\n<p><strong>Sunnuntai 18.01.2026<\/strong><\/p>\n\n\n\n<figure class=\"wp-block-table\"><table class=\"has-fixed-layout\"><tbody><tr><td>klo 09.00-10.36<\/td><td>Noviisit, tyt\u00f6t<\/td><\/tr><tr><td>klo 11.00\u201314.25<\/td><td>Juniorit, naiset VO<\/td><\/tr><tr><td>klo 14.45\u201315.52<\/td><td>Seniorit, naiset VO<\/td><\/tr><\/tbody><\/table><\/figure>\n\n\n\n<p><\/p>\n\n\n\n<h3 class=\"wp-block-heading\"><a href=\"http:\/\/juhani.exdecfinland.org\/~satu\/20260117-0118-SenJunNovBdebAsil-L3-LK2\/\"><strong>TULOSSIVUSTO<\/strong><\/a><\/h3>\n\n\n\n<h3 class=\"wp-block-heading\"><strong><a href=\"http:\/\/www.savonlinnantaitoluistelijat.fi\/wp-content\/uploads\/2026\/01\/Kilpailuvahvistus-2.-Lohkokilpailu-L3-17.-18.1.2026.pdf\">KILPAILUVAHVISTUS<\/a><\/strong><\/h3>\n\n\n\n<h3 class=\"wp-block-heading\"><a href=\"http:\/\/www.savonlinnantaitoluistelijat.fi\/wp-content\/uploads\/2025\/12\/YL-SENIORIT-JUNIORIT-NOVIISIT-B-DEBYTANTIT-JA-A-SILMUT-2.-LOHKOKILPAILU-LOHKO-3.pdf\"><strong>KILPAILUKUTSU<\/strong><\/a><\/h3>\n\n\n\n<h3 class=\"wp-block-heading\"><a href=\"http:\/\/www.savonlinnantaitoluistelijat.fi\/wp-content\/uploads\/2026\/01\/2.-lohkokilpailu-L3-osallistujat_paivitetty-16.1.2026.pdf\"><strong>OSALLISTUJAT, p\u00e4ivitetty 16.1.2026<\/strong><\/a><\/h3>\n\n\n\n<h3 class=\"wp-block-heading\"><a href=\"http:\/\/www.savonlinnantaitoluistelijat.fi\/wp-content\/uploads\/2025\/12\/2.-lohkokilpailu-L3-arvioijat.pdf\"><strong>ARVIOIJAT<\/strong><\/a><\/h3>\n\n\n\n<h3 class=\"wp-block-heading\"><strong><a href=\"http:\/\/www.savonlinnantaitoluistelijat.fi\/wp-content\/uploads\/2025\/12\/kilpailuissa-tarkistettavat-elementtitasot-kausi-25-26.xlsx\">ELEMENTTITESTI-LOMAKE<\/a><\/strong><\/h3>\n\n\n\n<h3 class=\"wp-block-heading\"><strong><a href=\"http:\/\/www.savonlinnantaitoluistelijat.fi\/wp-content\/uploads\/2025\/12\/Majoitustarjous-Sokos-Hotel-Seurahuone-1.pdf\">MAJOITUSTARJOUS<\/a><\/strong><\/h3>\n\n\n\n<p><strong>Lohkokisoja voi seurata my\u00f6s<a href=\"https:\/\/www.sportwaylive.fi\/fi\/content\/figure-skating\" data-type=\"link\" data-id=\"https:\/\/www.sportwaylive.fi\/fi\/content\/figure-skating\">&nbsp;livestriimin\u00e4<\/a>. Yksitt\u00e4isen kisap\u00e4iv\u00e4n l\u00e4hetyksen katseluoikeus maksaa 7,99 \u20ac tai vaihtoehtoisesti voit hankkia my\u00f6s kilpailupassin 13,99 \u20ac, jolla n\u00e4kee molemmat l\u00e4hetykset.<\/strong><\/p>\n\n\n\n<p><strong><a href=\"https:\/\/www.sportwaylive.fi\/fi\/game\/68e8b487e14bd1ca73a591d8\" data-type=\"link\" data-id=\"https:\/\/www.sportwaylive.fi\/fi\/game\/68e8b487e14bd1ca73a591d8\">Lauantain 17.01.2026 striimi<\/a><\/strong><br><strong><a href=\"https:\/\/www.sportwaylive.fi\/fi\/game\/69240817109a6801f3cf8b28\" data-type=\"link\" data-id=\"https:\/\/www.sportwaylive.fi\/fi\/game\/69240817109a6801f3cf8b28\">Sunnuntain 18.01.2026 striimi<\/a><\/strong><\/p>\n\n\n\n<p>L\u00e4hetys j\u00e4\u00e4 palveluun my\u00f6s j\u00e4lkik\u00e4teen katsottavaksi. Sportway:n support-osoite asiakkaille (ongelmat tai kysymykset striimin k\u00e4yt\u00f6st\u00e4):&nbsp;<a href=\"mailto:info@sportway.fi\">info@sportway.fi<\/a><\/p>\n\n\n\n<p>Sportwaylive.fi:n taitoluisteluosiosta l\u00f6ytyv\u00e4t kaikki kilpailut kootusti:&nbsp;<a href=\"https:\/\/www.sportwaylive.fi\/fi\/content\/figure-skating\" target=\"_blank\" rel=\"noreferrer noopener\">https:\/\/www.sportwaylive.fi\/fi\/content\/figure-skating<\/a>&nbsp;<\/p>\n\n\n\n<figure class=\"wp-block-image size-large\"><a href=\"https:\/\/www.sportwaylive.fi\/fi\/content\/figure-skating\"><img decoding=\"async\" src=\"http:\/\/www.savonlinnantaitoluistelijat.fi\/wp-content\/uploads\/2025\/12\/Markkinointimateriaali-taitoluisteluun-Sportwaylive-819x1024.png\" alt=\"\" class=\"wp-image-5100\"\/><\/a><\/figure>\n\n\n\n<p><\/p>\n\n\n\n<p><strong>Lis\u00e4tiedot:<\/strong><\/p>\n\n\n\n<p>Kilpailunjohtaja Katriina Jekunen<br>kilpailunjohtaja.satu@gmail.com<br>puh. 044 298 6201<\/p>\n\n\n\n<figure class=\"wp-block-gallery has-nested-images columns-default is-cropped wp-block-gallery-1 is-layout-flex wp-block-gallery-is-layout-flex\"><\/figure>\n\n\n\n<p><\/p>\n","protected":false},"excerpt":{"rendered":"<p>Savonlinnan Taitoluistelijat j\u00e4rjest\u00e4\u00e4 seniorien, juniorien, noviisien, B-debytanttien, A-silmujen\/Silmujen 2. lohkokilpailun (L3) 17.-18.01.2026. Kilpailuareenana toimii Talvisalon j\u00e4\u00e4halli \/ Mediatili Areena, Savontie&hellip;<\/p>\n","protected":false},"author":1,"featured_media":0,"parent":0,"menu_order":0,"comment_status":"closed","ping_status":"closed","template":"","meta":{"footnotes":""},"class_list":["post-5013","page","type-page","status-publish","hentry"],"_links":{"self":[{"href":"https:\/\/www.savonlinnantaitoluistelijat.fi\/index.php?rest_route=\/wp\/v2\/pages\/5013","targetHints":{"allow":["GET"]}}],"collection":[{"href":"https:\/\/www.savonlinnantaitoluistelijat.fi\/index.php?rest_route=\/wp\/v2\/pages"}],"about":[{"href":"https:\/\/www.savonlinnantaitoluistelijat.fi\/index.php?rest_route=\/wp\/v2\/types\/page"}],"author":[{"embeddable":true,"href":"https:\/\/www.savonlinnantaitoluistelijat.fi\/index.php?rest_route=\/wp\/v2\/users\/1"}],"replies":[{"embeddable":true,"href":"https:\/\/www.savonlinnantaitoluistelijat.fi\/index.php?rest_route=%2Fwp%2Fv2%2Fcomments&post=5013"}],"version-history":[{"count":60,"href":"https:\/\/www.savonlinnantaitoluistelijat.fi\/index.php?rest_route=\/wp\/v2\/pages\/5013\/revisions"}],"predecessor-version":[{"id":5219,"href":"https:\/\/www.savonlinnantaitoluistelijat.fi\/index.php?rest_route=\/wp\/v2\/pages\/5013\/revisions\/5219"}],"wp:attachment":[{"href":"https:\/\/www.savonlinnantaitoluistelijat.fi\/index.php?rest_route=%2Fwp%2Fv2%2Fmedia&parent=5013"}],"curies":[{"name":"wp","href":"https:\/\/api.w.org\/{rel}","templated":true}]}}